4 a multiple of 58?
False
Does 60 divide 267349?
False
Does 14 divide 6842836?
True
Does 212 divide 14873072?
True
Is 1074979 a multiple of 23?
False
Is 159 a factor of 517740?
False
Does 175 divide 149848?
False
Does 591 divide 317367?
True
Does 3 divide 11280?
True
Does 21 divide 124236?
True
Is 288 a factor of 3631104?
True
Is 1224 a factor of 111384?
True
Is 1479518 a multiple of 4?
False
Is 13308290 a multiple of 655?
True
Is 49 a factor of 3317692?
True
Is 233862 a multiple of 13?
False
Is 147 a factor of 160550?
False
Is 158832 a multiple of 48?
True
Does 422 divide 241583?
False
Does 664 divide 1834950?
False
Does 19 divide 75547?
False
Is 91924 a multiple of 196?
True
Is 15 a factor of 1215206?
False
Is 125195 a multiple of 17?
False
Does 12 divide 648348?
True
Is 70946 a multiple of 19?
True
Is 112 a factor of 16810867?
False
Does 358 divide 2318766?
True
Is 846867 a multiple of 587?
False
Is 2155397 a multiple of 52?
False
Does 349 divide 252762?
False
Does 141 divide 57810?
True
Is 16 a factor of 1375907?
False
Does 273 divide 392028?
True
Does 61 divide 29894331?
True
Does 628 divide 1097534?
False
Is 900 a factor of 1724400?
True
Is 14 a factor of 2426256?
True
Does 244 divide 386252?
True
Is 59640 a multiple of 15?
True
Is 7 a factor of 778456?
True
Is 34 a factor of 9400635?
False
Does 327 divide 2078510?
False
Is 4 a factor of 409220?
True
Is 3 a factor of 39002?
False
Is 3918395 a multiple of 95?
False
Does 35 divide 8890214?
False
Is 114450 a multiple of 15?
True
Is 308898 a multiple of 393?
True
Does 37 divide 200369?
False
Does 532 divide 250602?
False
Is 22 a factor of 40702?
False
Is 60254 a multiple of 4?
False
Does 326 divide 2294388?
True
Is 9 a factor of 2370931?
False
Is 26 a factor of 5850?
True
Is 37 a factor of 79357?
False
Is 320 a factor of 1216?
False
Does 75 divide 40300?
False
Does 7 divide 1313533?
False
Is 33 a factor of 72941?
False
Does 334 divide 2959240?
True
Is 85 a factor of 329564?
False
Is 39 a factor of 13426?
False
Is 147968 a multiple of 9?
False
Is 537 a factor of 4008906?
False
Does 136 divide 304676?
False
Is 1151704 a multiple of 1413?
False
Is 814 a factor of 9761254?
False
Does 53 divide 303776?
False
Does 54 divide 46602?
True
Is 2157163 a multiple of 416?
False
Is 16 a factor of 470064?
True
Is 316 a factor of 6183379?
False
Is 194334 a multiple of 90?
False
Is 127081 a multiple of 123?
False
Is 192 a factor of 377472?
True
Is 117012 a multiple of 49?
True
Does 4 divide 253371?
False
Does 89 divide 8298?
False
Does 10 divide 76268?
False
Is 260972 a multiple of 11?
False
Does 4 divide 1566452?
True
Is 35 a factor of 818020?
True
Is 2107016 a multiple of 234?
False
Does 9 divide 1313713?
False
Is 75776 a multiple of 37?
True
Is 37 a factor of 642616?
True
Does 57 divide 49018?
False
Is 3 a factor of 12978?
True
Does 7 divide 39949?
True
Is 10885716 a multiple of 1198?
False
Is 6223176 a multiple of 1047?
False
Is 386077 a multiple of 91?
False
Is 194 a factor of 684432?
True
Is 1196329 a multiple of 77?
False
Does 5 divide 3790?
True
Does 10 divide 2412930?
True
Is 65836 a multiple of 109?
True
Is 2084560 a multiple of 10?
True
Is 143 a factor of 28374?
False
Is 107976 a multiple of 44?
True
Is 9 a factor of 21997764?
True
Is 1609 a factor of 10111518?
False
Is 82 a factor of 79540?
True
Does 128 divide 568494?
False
Is 630960 a multiple of 44?
True
Is 65 a factor of 249210?
True
Is 60372 a multiple of 9?
True
Does 947 divide 8015408?
True
Is 2998123 a multiple of 133?
False
Is 584752 a multiple of 9?
False
Is 57350 a multiple of 50?
True
Does 163 divide 17441?
True
Does 12 divide 125983?
False
Does 323 divide 950827?
False
Is 137 a factor of 248792?
True
Is 224534 a multiple of 9?
False
Is 3328278 a multiple of 3?
True
Is 4471523 a multiple of 72?
False
Does 23 divide 404271?
True
Is 5 a factor of 7281614?
False
Does 47 divide 204850?
False
Does 10 divide 512260?
True
Is 1275 a factor of 5298900?
True
Does 212 divide 152216?
True
Is 39408 a multiple of 48?
True
Is 12 a factor of 2590296?
True
Is 2906403 a multiple of 967?
False
Is 134961 a multiple of 20?
False
Does 30 divide 2895540?
True
Is 7424739 a multiple of 163?
False
Does 15 divide 314505?
True
Is 3049184 a multiple of 327?
False
Is 35 a factor of 39916?
False
Does 52 divide 12844?
True
Is 376010 a multiple of 34?
False
Is 35 a factor of 70420?
True
Is 189 a factor of 22302?
True
Does 502 divide 18468905?
False
Is 26754 a multiple of 273?
True
Is 10 a factor of 2147120?
True
Is 89 a factor of 465382?
False
Is 5 a factor of 42715?
True
Is 5784 a multiple of 6?
True
Is 950175 a multiple of 103?
True
Is 9466479 a multiple of 99?
True
Is 355 a factor of 1357504?
False
Does 152 divide 4271048?
True
Is 92905 a multiple of 17?
True
Does 11 divide 3162509?
False
Is 353662 a multiple of 44?
False
Is 14 a factor of 1829926?
True
Is 5 a factor of 93625?
True
Is 4 a factor of 19832?
True
Does 45 divide 789795?
True
Does 516 divide 33049284?
True
Is 498775 a multiple of 71?
True
Is 9464871 a multiple of 39?
True
Is 7 a factor of 4638137?
True
Does 694 divide 4288920?
True
Does 502 divide 78312?
True
Is 18 a factor of 442952?
False
Is 89 a factor of 159666?
True
Is 564768 a multiple of 848?
True
Is 20299 a multiple of 14?
False
Does 459 divide 424625?
False
Does 153 divide 1387140?
False
Does 5 divide 4477?
False
Is 2 a factor of 281111?
False
Does 15 divide 11793?
False
Is 1796625 a multiple of 125?
True
Does 228 divide 149340?
True
Is 32 a factor of 24332128?
True
Does 323 divide 718301?
False
Does 267 divide 364471?
False
Does 34 divide 471512?
True
Is 89 a factor of 417410?
True
Is 822390 a multiple of 237?
True
Is 109 a factor of 505433?
True
Does 140 divide 340060?
True
Does 8 divide 15752?
True
Is 54 a factor of 3771900?
True
Is 972933 a multiple of 210?
False
Does 76 divide 32817?
False
Does 32 divide 154144?
True
Does 27 divide 7264?
False
Does 131 divide 293440?
True
Does 53 divide 10369079?
True
Does 8 divide 250197?
False
Is 1295 a factor of 6492564?
False
Is 6001888 a multiple of 70?
False
Is 4 a factor of 70416?
True
Is 655428 a multiple of 24?
False
Is 3 a factor of 164958?
True
Is 815 a factor of 16613883?
False
Is 400330 a multiple of 38?
True
Is 101608 a multiple of 52?
True
Is 4960100 a multiple of 257?
True
Does 4 divide 30162?
False
Does 3 divide 50364?
True
Is 7 a factor of 1823185?
True
Is 37 a factor of 5780843?
True
Does 246 divide 6283480?
False
Is 39 a factor of 3244917?
True
Is 352665 a multiple of 85?
True
Is 18 a factor of 612288?
True
Does 1296 divide 4936969?
False
Does 406 divide 472178?
True
Does 57 divide 595080?
True
Is 51565 a multiple of 4?
False
Is 3294612 a multiple of 138?
True
Is 1212635 a multiple of 620?
False
Is 58 a factor of 552906?
False
Does 755 divide 3367459?
False
Is 6 a factor of 588114?
True
Is 5 a factor of 9280?
True
Is 36377 a multiple of 19?
False
Does 30 divide 263448?
False
Is 303 a factor of 380265?
True
Is 296684 a multiple of 17?
True
Is 56 a factor of 10380608?
True
Is 6 a factor of 634620?
True
Is 48783 a multiple of 303?
True
Is 2660305 a multiple of 5?
True
Is 12 a factor of 5749219?
False
Is 121900 a multiple of 42?
False
Does 17 divide 2062644?
True
Does 9 divide 50825?
False
Does 10 divide 9697860?
True
Does 869 divide 337172?
True
Is 16 a factor of 143213?
False
Is 34036901 a multiple of 193?
True
Does 318 divide 1204670?
False
Is 262605 a multiple of 7?
True
Does 12 divide 73541?
False
Does 148 divide 173160?
True
Does 13 divide 2887846?
True
Is 24 a factor of 1079520?
True
Is 19360 a multiple of 20?
True
Does 169 divide 56108?
True
Is 62 a factor of 405532?
False
Does 1160 divide 9389040?
True
Is 3331074 a multiple of 50?
False
Is 4851936 a multiple of 204?
True
Does 26 divide 10906?
False
Is 250 a factor of 5338250?
True
Does 6 divide 445416?
True
Is 94 a factor of 47000?
True
Is 33 a factor of 13284996?
False
Does 565 divide 1065240?
False
Does 296 divide 602952?
True
Is 658821 a multiple of 6?
False
Is 22 a factor of 12848?
True
Is 73 a factor of 215569?
True
Is 357750 a multiple of 52?
False
Is 135 a factor of 437414?
False
Is 205827 a multiple of 11?
False
Is 389 a factor of 42401?
True
Is 45352 a multiple of 3?
False
Does 29 divide 5547845?
True
Is 78053 a mult